{"id":190,"date":"2025-09-19T21:32:36","date_gmt":"2025-09-19T21:32:36","guid":{"rendered":"https:\/\/diamantesportvintage.com\/?page_id=190"},"modified":"2025-09-19T21:33:42","modified_gmt":"2025-09-19T21:33:42","slug":"articulos","status":"publish","type":"page","link":"https:\/\/diamantesportvintage.com\/index.php\/articulos\/","title":{"rendered":"Art\u00edculos"},"content":{"rendered":"\t\t<div data-elementor-type=\"wp-page\" data-elementor-id=\"190\" class=\"elementor elementor-190\">\n\t\t\t\t<div class=\"elementor-element elementor-element-5bce562 e-flex e-con-boxed e-con e-parent\" data-id=\"5bce562\" data-element_type=\"container\" data-e-type=\"container\">\n\t\t\t\t\t<div class=\"e-con-inner\">\n\t\t\t\t<div class=\"elementor-element elementor-element-7e24f47 elementor-widget elementor-widget-text-editor\" data-id=\"7e24f47\" data-element_type=\"widget\" data-e-type=\"widget\" data-widget_type=\"text-editor.default\">\n\t\t\t\t\t\t\t\t\t<p>Rescatamos momentos \u00fanicos en la historia del beisbol. Aqu\u00ed encontrar\u00e1s temas muy interesantes y apasionantes<\/p>\t\t\t\t\t\t\t\t<\/div>\n\t\t\t\t\t<\/div>\n\t\t\t\t<\/div>\n\t\t<div class=\"elementor-element elementor-element-90af8de e-flex e-con-boxed e-con e-parent\" data-id=\"90af8de\" data-element_type=\"container\" data-e-type=\"container\">\n\t\t\t\t\t<div class=\"e-con-inner\">\n\t\t\t\t<div class=\"elementor-element elementor-element-9a9fd07 elementor-widget elementor-widget-image\" data-id=\"9a9fd07\" data-element_type=\"widget\" data-e-type=\"widget\" data-widget_type=\"image.default\">\n\t\t\t\t\t\t\t\t\t\t\t\t\t\t\t<img fetchpriority=\"high\" decoding=\"async\" width=\"740\" height=\"362\" src=\"https:\/\/diamantesportvintage.com\/wp-content\/uploads\/2025\/09\/logo-salon-1024x501.jpg\" class=\"attachment-large size-large wp-image-192\" alt=\"\" srcset=\"https:\/\/diamantesportvintage.com\/wp-content\/uploads\/2025\/09\/logo-salon-1024x501.jpg 1024w, https:\/\/diamantesportvintage.com\/wp-content\/uploads\/2025\/09\/logo-salon-300x147.jpg 300w, https:\/\/diamantesportvintage.com\/wp-content\/uploads\/2025\/09\/logo-salon-768x376.jpg 768w, https:\/\/diamantesportvintage.com\/wp-content\/uploads\/2025\/09\/logo-salon-1536x752.jpg 1536w, https:\/\/diamantesportvintage.com\/wp-content\/uploads\/2025\/09\/logo-salon.jpg 1984w\" sizes=\"100vw\" \/>\t\t\t\t\t\t\t\t\t\t\t\t\t\t\t<\/div>\n\t\t\t\t\t<\/div>\n\t\t\t\t<\/div>\n\t\t<div class=\"elementor-element elementor-element-2a15dc5 e-flex e-con-boxed e-con e-parent\" data-id=\"2a15dc5\" data-element_type=\"container\" data-e-type=\"container\">\n\t\t\t\t\t<div class=\"e-con-inner\">\n\t\t\t\t<div class=\"elementor-element elementor-element-57ffb9d elementor-widget elementor-widget-image\" data-id=\"57ffb9d\" data-element_type=\"widget\" data-e-type=\"widget\" data-widget_type=\"image.default\">\n\t\t\t\t\t\t\t\t\t\t\t\t\t\t\t<img decoding=\"async\" width=\"740\" height=\"449\" src=\"https:\/\/diamantesportvintage.com\/wp-content\/uploads\/2025\/09\/15.-1925-CARMONA-Colorized-1024x622.jpg\" class=\"attachment-large size-large wp-image-193\" alt=\"\" srcset=\"https:\/\/diamantesportvintage.com\/wp-content\/uploads\/2025\/09\/15.-1925-CARMONA-Colorized-1024x622.jpg 1024w, https:\/\/diamantesportvintage.com\/wp-content\/uploads\/2025\/09\/15.-1925-CARMONA-Colorized-300x182.jpg 300w, https:\/\/diamantesportvintage.com\/wp-content\/uploads\/2025\/09\/15.-1925-CARMONA-Colorized-768x467.jpg 768w, https:\/\/diamantesportvintage.com\/wp-content\/uploads\/2025\/09\/15.-1925-CARMONA-Colorized-1536x933.jpg 1536w, https:\/\/diamantesportvintage.com\/wp-content\/uploads\/2025\/09\/15.-1925-CARMONA-Colorized-2048x1244.jpg 2048w\" sizes=\"100vw\" \/>\t\t\t\t\t\t\t\t\t\t\t\t\t\t\t<\/div>\n\t\t\t\t\t<\/div>\n\t\t\t\t<\/div>\n\t\t\t\t<\/div>\n\t\t","protected":false},"excerpt":{"rendered":"<p>Rescatamos momentos \u00fanicos en la historia del beisbol. Aqu\u00ed encontrar\u00e1s temas muy interesantes y apasionantes<\/p>\n","protected":false},"author":1,"featured_media":0,"parent":0,"menu_order":0,"comment_status":"closed","ping_status":"closed","template":"","meta":{"_eb_attr":"","footnotes":""},"class_list":["post-190","page","type-page","status-publish","hentry"],"_links":{"self":[{"href":"https:\/\/diamantesportvintage.com\/index.php\/wp-json\/wp\/v2\/pages\/190","targetHints":{"allow":["GET"]}}],"collection":[{"href":"https:\/\/diamantesportvintage.com\/index.php\/wp-json\/wp\/v2\/pages"}],"about":[{"href":"https:\/\/diamantesportvintage.com\/index.php\/wp-json\/wp\/v2\/types\/page"}],"author":[{"embeddable":true,"href":"https:\/\/diamantesportvintage.com\/index.php\/wp-json\/wp\/v2\/users\/1"}],"replies":[{"embeddable":true,"href":"https:\/\/diamantesportvintage.com\/index.php\/wp-json\/wp\/v2\/comments?post=190"}],"version-history":[{"count":4,"href":"https:\/\/diamantesportvintage.com\/index.php\/wp-json\/wp\/v2\/pages\/190\/revisions"}],"predecessor-version":[{"id":196,"href":"https:\/\/diamantesportvintage.com\/index.php\/wp-json\/wp\/v2\/pages\/190\/revisions\/196"}],"wp:attachment":[{"href":"https:\/\/diamantesportvintage.com\/index.php\/wp-json\/wp\/v2\/media?parent=190"}],"curies":[{"name":"wp","href":"https:\/\/api.w.org\/{rel}","templated":true}]}}